s of u.
2, 11
Let n = -6 + 33. Let j = 45 - n. What are the prime factors of j?
2, 3
Let s = -13 - -17. Suppose -3*p = -s*p + 24. What are the prime factors of p?
2, 3
Suppose 5*z + 52 + 8 = 0. Let p = z + 31. What are the prime factors of p?
19
Let h(x) = x - 3. Let g(f) = 1. Let d be 6 + -6 - (1 - 0). Let w(q) = d*h(q) - 5*g(q). What are the prime factors of w(-9)?
7
What are the prime factors of (-392)/8*(-1 - 0)?
7
Let c be (-18)/(-8)*32/(-12). What are the prime factors of (c/(-8))/((-5)/(-40))?
2, 3
Let a(q) = 3*q**2 + 4. Let x be a(-4). Let c be x/14 - 4/(-14). Suppose 5*w = -2*f + 6, -c*w + w + 6 = 2*f. What are the prime factors of f?
3
Suppose 0 = 5*a - 2*a - 90. Suppose 3*b + 2*b - a = 0. What are the prime factors of b?
2, 3
Let j(m) = -m - 9. Let q be j(-12). Let o(i) = -4*i + 0 - q + i. What are the prime factors of o(-4)?
3
Suppose -38 - 190 = -6*u. What are the prime factors of u?
2, 19
Let w be (15/(-10))/((-3)/4). Suppose 4*l - 3*l - w = 0. Suppose -15 = -0*b - b - l*r, 5*r - 25 = 0. List the prime factors of b.
5
Suppose -b = -x + 2*b + 14, -3*x + 4*b = -22. Let t(y) = -x - 1 - 2*y - 5. List the prime factors of t(-8).
2
Suppose 3*k - 4*a = 133, -k - 4*a + 2*a + 61 = 0. Suppose p + k = 3*d, 0*d - 5*d + 3*p + 89 = 0. List the prime factors of d.
2
Let r(p) = -p**2 + 6*p + 7. Suppose 0 + 4 = -4*z. Let u be 30/(-3)*z/2. List the prime factors of r(u).
2, 3
Suppose 0*p = 2*p - 50. What are the prime factors of p?
5
Let z(d) = d**3 - d**2 + 3*d - 2. Let x = 5 - 3. What are the prime factors of z(x)?
2
Let t(z) = 7*z - 5. Let y be t(5). Let o = 8 + y. What are the prime factors of o?
2, 19
Let p = -113 + 271. List the prime factors of p.
2, 79
Let r be 14/(-18) - 14/63. What are the prime factors of (0 - -1)/(r/(-11))?
11
Let t be 21 - (-2 + 1 - -2). List the prime factors of (2 + t)*(-4)/(-8).
11
Suppose -28 = 4*q + 4. Suppose u + 12 = -u. Let n = u - q. What are the prime factors of n?
2
Suppose -14 = -5*j - 5*n + 216, -5*j = -n - 260. List the prime factors of (187/j)/((-2)/(-18)).
3, 11
Let v be ((-33)/(-44))/((-2)/16). What are the prime factors of ((-44)/v)/((-3)/(-9))?
2, 11
Let f be 2*1/(-2) + 0. Let r be -1 - f - (2 - -9). Let j = 20 + r. What are the prime factors of j?
3
Let p(v) = -v**3 + 12. Let f be p(0). What are the prime factors of 225/f + 3/(-4)?
2, 3
Suppose 5*n = 3*j - 133, n - 80 = 3*j - 5*j. Suppose 0 = -3*k - 11 + j. List the prime factors of k.
2, 5
Let g = -44 - -8. Let u = g - -51. What are the prime factors of u?
3, 5
Suppose 0 = -i - 2*r + 222, -i - 4*r - 62 = -286. Suppose -4*n - 2*x = -7*n + 164, -3*x - i = -4*n. What are the prime factors of n?
2, 13
Let m = 10 + 6. Suppose -4*h = -5*x + 25 - 0, -21 = 5*h + 4*x. Let v = m + h. What are the prime factors of v?
11
Suppose 8 = -i + 5*i. Let c be i/6*3*0. Suppose c*z + 4 = z. List the prime factors of z.
2
Let y be 7*((-216)/21)/(-3). Let r be (9/(-12))/((-3)/y). What are the prime factors of r + -7 - (0 - 10)?
3
Suppose 0 = -q - 2*s - 3*s - 66, 2*q + 2*s = -124. Let p = q + 89. What are the prime factors of p?
2, 7
Let o be (-4)/(-6) - 16/(-3). List the prime factors of 7 + 2 - (8 - o).
7
Let y(p) = -p**2 + 6*p - 6. Let n be y(4). What are the prime factors of (1 - n/1)*-14?
2, 7
Let z(x) = x - 4. Let r be z(3). What are the prime factors of 23 + -3 + r + 3?
2, 11
Suppose 0 = -9*s + 34 + 146. List the prime factors of s.
2, 5
Let b(i) be the second derivative of -i**5/60 - i**4/3 - 3*i**3/2 - i**2 + i. Let g(w) be the first derivative of b(w). What are the prime factors of g(-6)?
3
Suppose -b = 2*r - 4, 0 = 2*b - r + 17 - 5. Let m = 9 + b. What are the prime factors of m?
5
Let x = -43 + 171. Suppose 3*n + 2*f = -f - 93, -4*n - 2*f = x. List the prime factors of n/(-4) + (-4)/16.
2
Suppose 0 = -10*k + 5*k. Suppose -r + 2 = -0*r. Suppose -r*s - 1 + 5 = k. What are the prime factors of s?
2
Suppose -7 - 2 = -3*n. What are the prime factors of n?
3
Suppose 0 = 3*r - 5*u - 131, u + 0 = 5. What are the prime factors of r?
2, 13
Let w = -146 + 264. What are the prime factors of w?
2, 59
Let a = -12 + 17. Suppose a*l = l. What are the prime factors of (l - -3)/3*9?
3
Suppose 0 = -0*z - 2*z. Suppose 4*u + 2*j = 46, z = -u - 3*j + 2 + 2. What are the prime factors of u?
13
Suppose -2*t + 139 + 21 = 0. What are the prime factors of t?
2, 5
Let o = 35 - 6. What are the prime factors of o?
29
Let a(r) = -6*r + r + 0*r**2 + r**2 + 5 + 0*r**2. List the prime factors of a(7).
19
Suppose 4*u - 54 = -x + 4*x, 0 = 4*u - 4*x - 56. Let j = u + -7. Suppose 14 = -3*v - j*b, -4*b + 8*b = -16. List the prime factors of v.
2
Let d(g) = g**2 + 2. Let k = -1 + 4. What are the prime factors of d(k)?
11
Let t(s) = -3*s + 1. Let g be t(-1). Suppose -27 = 2*a + 3*i, -a + 2*i = -0*i - g. Let p(c) = c**3 + 6*c**2 - 2*c - 2. What are the prime factors of p(a)?
2, 5
Let z(q) = q**2 + q - 2. Suppose 2*g = -p + 5*p + 16, -4*g = 5*p - 6. Suppose 1 = d + l, -g*d - 2*l - 1 = 3. List the prime factors of z(d).
2
Suppose -2*l - 4*s - 3 - 1 = 0, -2*l - s + 5 = 0. Let t be 10/(-15) - l/(-6). Suppose t = -4*g + 3*g + 11. What are the prime factors of g?
11
Let m(b) = -b**2 + 13*b - 8. Let l(i) = -i**2 + 12*i - 8. Let z(p) = -6*l(p) + 5*m(p). List the prime factors of z(6).
2
Let a = 141 + -6. What are the prime factors of a?
3, 5
Suppose m = 10 - 3. Let f(i) = i + 3. Let v be f(m). Suppose 0 = 4*n + 4*s - v - 66, 10 = 2*s. List the prime factors of n.
2, 7
What are the prime factors of 1298/55*(-10)/(-4)?
59
Let c(m) = -m + 13. Suppose 3*x + 5*n = 24 + 28, 51 = 4*x + 3*n. Let s be c(x). Suppose -10 = s*w - 34. List the prime factors of w.
2, 3
List the prime factors of ((-70)/15 - -5)*(470 + 1).
157
Suppose 40 = -d + 68. What are the prime factors of d?
2, 7
Let u = 165 + -114. What are the prime factors of u?
3, 17
Suppose 3*k = -5*d + 6, 18 = 2*k + k + d. List the prime factors of k.
7
List the prime factors of 20 + 0/(-4) + -3.
17
Suppose -6*z + 297 = -3*z. List the prime factors of z.
3, 11
Suppose 0 = -a - 3*a. List the prime factors of 40 - (-3 + (2 - a)).
41
What are the prime factors of (1 - (-172)/(-8))*-2?
41
Suppose 0 = 2*i - 4*z - 54, -4*i + 2*i + z = -48. What are the prime factors of i?
23
Let j be (-76)/13 - 4/26. List the prime factors of (-178)/j + 6/(-9).
29
Let a = -9 + 14. Suppose 0*y - 4*y + u + 43 = 0, -35 = -a*y + 5*u. List the prime factors of y.
2, 3
Let x(a) = -a - 3 - 7*a - a**2 - 1. List the prime factors of x(-5).
11
Let k(x) = -x**2 - 8*x + 13. What are the prime factors of k(-9)?
2
Suppose 0 = -2*j + 5*u - 0 - 2, 2*j + 2*u - 12 = 0. Suppose -j - 16 = -q. What are the prime factors of q?
2, 5
Let t(w) = w**2 + w - 1. Let y(o) be the first derivative of o**4/4 + 2*o**3/3 - 3*o + 2. Let r(l) = -5*t(l) - y(l). What are the prime factors of r(-6)?
2
Suppose 0 = -4*q + c + 768, -3*c - 94 = -q + 98. List the prime factors of q.
2, 3
Let p = 35 + 12. What are the prime factors of p?
47
Suppose 0 = 3*g + 2*g - 30. Suppose d = 3*d - g. Suppose -52 = -4*t - 2*f, -d*t - f + 56 = t. What are the prime factors of t?
3, 5
Let q = 9 + -12. What are the prime factors of ((-9)/q)/((-9)/(-147))?
7
What are the prime factors of (4/5)/((-3)/(-6))*35?
2, 7
Let j = 4 - 4. Let m = 12 + j. What are the prime factors of m?
2, 3
Suppose -6 = -5*y + 3*y. Suppose -b = y*b + 136. Let c = b - -50. What are the prime factors of c?
2
Suppose -4*b = -w - 103, 2*w - 21 = -b + 16. What are the prime factors of b?
3
Suppose 5*l = 2*o + o + 20, 5*l + 20 = -5*o. Let d(h) = -9*h**3 - 2*h**2 + 1. Let n be d(l). List the prime factors of 1/(10/(-4))*n.
2
Let x(c) = 11*c**2 + 4*c**3 + 3 + 10 - 3*c**3 + 8*c. Let b be x(-10). List the prime factors of (-1 + b/3)/2.
5
Let g(l) be the second derivative of 5*l**4/12 - l**3/2 - l**2/2 - 6*l. What are the prime factors of g(-2)?
5
Let g(m) = 5 + 0*m**3 - 39*m**2 - 18*m - m**3 + 21*m**2. List the prime factors of g(-17).
2, 11
Let h = -9 - -11. What are the prime factors of h?
2
Let o be -1 + (6 - 0) + -1. Suppose 26 = 2*h - o. What are the prime factors of h?
3, 5
Let v = 53 - -26. List the prime factors of v.
79
Let p(d) be the second derivative of -d**5/20 + d**4/3 - d**3/6 - 3*d**2/2 + 2*d. List the prime factors of p(3).
3
Let p = 8 - 3. Suppose 4*w - 5*h =